025 (base 6) to base 8
-351
Convert 20212011 (base 3) to base 2.
1001110000111
What is -cc5 (base 14) in base 13?
-11c3
Convert -120121 (base 3) to base 12.
-2b1
Convert -16101 (base 7) to base 6.
-32513
-15311 (base 7) to base 9
-5765
What is 44102 (base 5) in base 7?
11553
What is 5259 (base 15) in base 11?
12097
Convert 41324 (base 5) to base 12.
16a2
Convert -11622 (base 9) to base 15.
-249b
What is -795 (base 10) in base 12?
-563
Convert -1304 (base 10) to base 3.
-1210022
Convert 1347 (base 9) to base 14.
527
35191 (base 12) to base 16
115bd
What is 220210 (base 3) in base 16?
29d
Convert 3bc (base 14) to base 12.
52a
Convert -21332 (base 4) to base 2.
-1001111110
What is -4ba (base 13) in base 6?
-3501
82 (base 15) to base 5
442
What is 2223 (base 6) in base 3?
201020
22333 (base 4) to base 10
703
What is 12231323 (base 4) in base 6?
331215
-9612 (base 10) to base 3
-111012000
Convert -5210 (base 6) to base 2.
-10010000110
Convert 57ab (base 13) to base 11.
9280
What is -b2c (base 14) in base 11?
-1717
-342 (base 6) to base 9
-158
-24500 (base 7) to base 10
-6419
What is -19b (base 16) in base 3?
-120020
606 (base 10) to base 11
501
303101 (base 4) to base 14
12a5
What is -91bd (base 16) in base 6?
-444421
What is -8398 (base 10) in base 8?
-20316
Convert 442 (base 5) to base 3.
11112
Convert -635 (base 8) to base 4.
-12131
110000000 (base 2) to base 12
280
486 (base 10) to base 14
26a
What is 23215 (base 6) in base 7?
12455
Convert 21322000 (base 4) to base 2.
1001111010000000
-102150 (base 7) to base 3
-220010000
What is -2913 (base 10) in base 11?
-2209
What is 323 (base 5) in base 16?
58
-10104 (base 5) to base 16
-28e
2546c (base 13) to base 14
1b157
What is 555 (base 15) in base 10?
1205
5444 (base 8) to base 11
2163
Convert -d5d0 (base 14) to base 11.
-25746
What is -101211010 (base 3) in base 16?
-1ecf
11020121 (base 3) to base 8
6026
Convert 113444 (base 5) to base 6.
31401
Convert -624 (base 16) to base 11.
-11aa
Convert -55c (base 14) to base 5.
-13222
Convert 2631 (base 11) to base 8.
6536
What is -244 (base 11) in base 8?
-442
Convert 155 (base 10) to base 2.
10011011
Convert -25612 (base 8) to base 2.
-10101110001010
Convert 100336 (base 8) to base 3.
1200020212
-770 (base 12) to base 16
-444
Convert 1001100222 (base 3) to base 13.
954b
-b4 (base 16) to base 14
-cc
Convert 2cc (base 16) to base 4.
23030
Convert -11c78 (base 13) to base 14.
-bdad
What is 110100001111 (base 2) in base 9?
4524
-1133120 (base 4) to base 11
-464a
3504 (base 9) to base 13
1249
-1c6 (base 15) to base 9
-506
What is -232 (base 4) in base 10?
-46
What is -8a4 (base 14) in base 12?
-ba8
What is 110010010 (base 2) in base 5?
3102
Convert -aa9 (base 15) to base 10.
-2409
-198 (base 10) to base 3
-21100
1212331 (base 5) to base 8
54471
What is 1679 (base 15) in base 8?
11347
Convert -32 (base 9) to base 6.
-45
What is 11407 (base 8) in base 16?
1307
What is 463 (base 9) in base 2?
101111101
-101305 (base 6) to base 8
-17651
What is 12303 (base 4) in base 2?
110110011
What is 25bb (base 16) in base 13?
4520
2ad7 (base 14) to base 15
23e2
Convert 3f6 (base 16) to base 3.
1101120
Convert -290 (base 10) to base 11.
-244
What is -2334241 (base 5) in base 4?
-22200333
Convert -5a5 (base 15) to base 8.
-2400
Convert -2010112 (base 3) to base 9.
-2115
3653 (base 8) to base 10
1963
-53566 (base 7) to base 4
-3100033
What is -10101 (base 5) in base 16?
-28b
-2020 (base 6) to base 10
-444
15677 (base 12) to base 7
154300
Convert 28604 (base 9) to base 3.
222200011
What is 1748 (base 9) in base 12?
938
Convert 121100 (base 4) to base 2.
11001010000
Convert -5c4 (base 14) to base 6.
-5200
What is -932 (base 16) in base 15?
-a6e
What is -711 (base 10) in base 6?
-3143
Convert -32532 (base 6) to base 2.
-1000110101000
2743 (base 13) to base 9
7647
What is 1011011011111 (base 2) in base 3?
22000212
Convert -3406 (base 8) to base 4.
-130012
What is 3320413 (base 5) in base 13?
202b5
-24628 (base 10) to base 4
-12000310
What is -1e3 (base 15) in base 2?
-110110110
What is -5445 (base 6) in base 2?
-10011100101
What is 225 (base 16) in base 14?
2b3
Convert -31852 (base 12) to base 9.
-108328
Convert -40506 (base 11) to base 13.
-20c1c
Convert 557d (base 16) to base 6.
245153
What is 194 (base 11) in base 2?
11100000
-211321 (base 5) to base 12
-4126
What is ca57 (base 14) in base 4?
20202111
-202201210 (base 3) to base 16
-3b0a
What is -17526 (base 9) in base 5?
-341333
What is -1220 (base 16) in base 12?
-2828
2a4 (base 12) to base 11
345
Convert 46242 (base 7) to base 16.
2e0e
Convert -34b1 (base 15) to base 13.
-512b
Convert -1066 (base 8) to base 5.
-4231
What is 140223 (base 6) in base 9?
18806
-1010000110000 (base 2) to base 13
-2477
Convert -371 (base 10) to base 6.
-1415
Convert 3007 (base 10) to base 9.
4111
What is 52113 (base 6) in base 5?
210312
Convert -1240 (base 13) to base 15.
-b77
2909 (base 12) to base 8
11231
Convert -a35 (base 14) to base 12.
-11b3
What is 11110100001 (base 2) in base 5?
30303
What is 30312001 (base 4) in base 10?
52609
What is -668 (base 16) in base 7?
-4532
Convert -14600 (base 11) to base 7.
-114216
Convert 13277 (base 8) to base 16.
16bf
-1211033 (base 5) to base 13
-a3ca
100111111 (base 2) to base 6
1251
What is 1801 (base 12) in base 5?
43011
Convert 62704 (base 9) to base 2.
1010000110110011
6005 (base 8) to base 4
300011
Convert 777 (base 8) to base 11.
425
What is -779 (base 16) in base 5?
-30123
Convert c877 (base 13) to base 6.
332434
Convert a822 (base 11) to base 14.
52d8
-64e (base 15) to base 5
-21144
Convert -1032 (base 11) to base 2.
-10101010110
What is -110001111110 (base 2) in base 12?
-1a26
Convert -20304 (base 6) to base 3.
-10201011
What is -40c5 (base 14) in base 3?
-120021221
What is -435533 (base 6) in base 3?
-1211202110
-1201112 (base 3) to base 11
-a42
-110100001110 (base 2) to base 5
-101332
Convert 2210 (base 9) to base 11.
1251
103121 (base 5) to base 6
24212
What is 1111111011011 (base 2) in base 15?
263a
-a140 (base 11) to base 7
-54200
What is -9261 (base 10) in base 8?
-22055
Convert -5e (base 15) to base 3.
-10022
Convert 110033 (base 4) to base 5.
20140
-2001210 (base 3) to base 16
-5e2
-ace (base 16) to base 12
-1726
What is -223222 (base 4) in base 11?
-2110
Convert 3432 (base 8) to base 16.
71a
12a (base 15) to base 10
265
Convert 11001011 (base 2) to base 3.
21112
What is -738 (base 11) in base 7?
-2406
What is 184c (base 15) in base 6?
40143
Convert 31535 (base 8) to base 5.
410044
Convert 525 (base 9) to base 12.
2b8
Convert 21461 (base 7) to base 5.
133014
Convert -2012 (base 4) to base 9.
-158
Convert 11000010011001 (base 2) to base 14.
4769
Convert -5a04 (base 12) to base 8.
-23544
Convert 77025 (base 8) to base 7.
163050
1753 (base 9) to base 5
20334
Convert 23628 (base 9) to base 10.
15821
Convert 1e58 (base 16) to base 3.
101122201
41004 (base 5) to base 15
ba4
What is -ac6 (base 16) in base 4?
-223012
What is 8a3 (base 13) in base 3?
2001000
Convert -112 (base 9) to base 6.
-232
1101101000 (base 2) to base 8
1550
What is -429 (base 10) in base 13?
-270
-40423 (base 5) to base 13
-1260
-3486 (base 12) to base 7
-23043
What is 5682 (base 9) in base 3?
12202202
-34041 (base 6) to base 13
-2236
What is 14 (base 7) in base 12?
b
Convert -1eb (base 15) to base 7.
-1205
-622 (base 14) to base 13
-71a
-23031012 (base 4) to base 5
-2432034
Convert -5e92 (base 15) to base 9.
-30582
Convert 63d0 (base 14) to base 2.
100001101010010
What is -114 (base 10) in base 12?
-96
Convert 251 (base 12) to base 3.
110221
-2309 (base 12) to base 8
-7471
What is 361 (base 9) in base 5?
2143
-2355 (base 10) to base 2
-100100110011
-122022 (base 3) to base 11
-395
What is 1958 (base 11) in base 9?
3358
3320103 (base 4) to base 10
15891
What is 132c (base 15) in base 6?
30540
What is 632 (base 8) in base 10?
410
What is 2022010 (base 3) in base 10?
1677
What is 10001011011011 (base 2) in base 8?
21333
Convert -11001111011 (base 2) to base 13.
-9a8
2071 (base 11) to base 7
10663
Convert -16515 (base 8) to base 12.
-4411
What is -111021 (base 4) in base 2?
-10101001001
Convert -9a (base 11) to base 2.
-1101101
Convert 1050 (base 11) to base 15.
626
What is 1003000 (base 4) in base 2?
1000011000000
What is -17